{"id":380,"date":"2022-05-06T14:14:25","date_gmt":"2022-05-06T14:14:25","guid":{"rendered":"https:\/\/www.jf-guia.pt\/novo\/?page_id=380"},"modified":"2025-12-17T17:50:05","modified_gmt":"2025-12-17T17:50:05","slug":"ctt","status":"publish","type":"page","link":"https:\/\/www.jf-guia.pt\/?page_id=380","title":{"rendered":"CTT"},"content":{"rendered":"<p>[et_pb_section fb_built=&#8221;1&#8243; fullwidth=&#8221;on&#8221; _builder_version=&#8221;4.17.3&#8243; _module_preset=&#8221;default&#8221; locked=&#8221;off&#8221; global_colors_info=&#8221;{}&#8221;][et_pb_fullwidth_header _builder_version=&#8221;4.27.5&#8243; _module_preset=&#8221;default&#8221; title_font=&#8221;|700|||||||&#8221; title_text_color=&#8221;#FFFFFF&#8221; title_font_size=&#8221;40px&#8221; background_enable_color=&#8221;off&#8221; background_image=&#8221;https:\/\/www.jf-guia.pt\/novo\/wp-content\/uploads\/2025\/12\/header-5.jpg&#8221; custom_margin=&#8221;||||false|false&#8221; custom_padding=&#8221;100px||100px||false|false&#8221; hover_enabled=&#8221;0&#8243; title_text_shadow_style=&#8221;preset1&#8243; text_shadow_style=&#8221;preset3&#8243; global_colors_info=&#8221;{}&#8221; sticky_enabled=&#8221;0&#8243;][\/et_pb_fullwidth_header][\/et_pb_section][et_pb_section fb_built=&#8221;1&#8243; admin_label=&#8221;section&#8221; _builder_version=&#8221;4.16&#8243; transparent_background=&#8221;off&#8221; global_colors_info=&#8221;{}&#8221;][et_pb_row _builder_version=&#8221;4.21.0&#8243; _module_preset=&#8221;default&#8221; global_colors_info=&#8221;{}&#8221;][et_pb_column type=&#8221;4_4&#8243; _builder_version=&#8221;4.21.0&#8243; _module_preset=&#8221;default&#8221; global_colors_info=&#8221;{}&#8221;][et_pb_text _builder_version=&#8221;4.21.0&#8243; _module_preset=&#8221;default&#8221; global_colors_info=&#8221;{}&#8221;]<\/p>\n<h1><span style=\"color: #008000;\">CTT<\/span><\/h1>\n<h2><span style=\"color: #008000;\">Atendimento ao P\u00fablico no posto de correios da Guia:<\/span><\/h2>\n<ul>\n<li><span>Aceita\u00e7\u00e3o e entrega de envios de correspond\u00eancia nacionais e internacionais;<\/span><\/li>\n<li><span>Venda de selos e outros valores postais;<\/span><\/li>\n<li><span>Aceita\u00e7\u00e3o\/rece\u00e7\u00e3o e entrega de registos nacionais e internacionais;<\/span><\/li>\n<li><span>Realiza\u00e7\u00e3o de Cobran\u00e7as Postais;<\/span><\/li>\n<li><span>Cobran\u00e7as Seguran\u00e7a Social;<\/span><\/li>\n<li><span>Impostos;<\/span><\/li>\n<li><span>Requisi\u00e7\u00e3o para emiss\u00e3o e pagamento de vales postais;<\/span><\/li>\n<li><span>Aceita\u00e7\u00e3o e entrega de encomendas postais;<\/span><\/li>\n<li><span>Carregamento de telem\u00f3veis;<\/span><\/li>\n<li><span>Servi\u00e7o de Apartados;<\/span><\/li>\n<li><span>Aceita\u00e7\u00e3o de correio contratual;<\/span><\/li>\n<li><span>Pagamento de SCUT\u00b4s;<\/span><\/li>\n<li><span>Aceita\u00e7\u00e3o e entrega de SEM;<\/span><\/li>\n<li><span>Bilh\u00e9tica de Eventos (ainda n\u00e3o ativo);<\/span><\/li>\n<li><span>Siga \u2013 entregas;<\/span><\/li>\n<li><span>Isen\u00e7\u00e3o de Taxas Moderadoras;<\/span><\/li>\n<li><span>IMTT<\/span><\/li>\n<\/ul>\n<p>[\/et_pb_text][et_pb_text _builder_version=&#8221;4.21.0&#8243; _module_preset=&#8221;default&#8221; global_colors_info=&#8221;{}&#8221;]<\/p>\n<h1>Hor\u00e1rio CTT Guia:<\/h1>\n<p><strong>Hor\u00e1rio:<\/strong> Dias \u00fateis, das 09:00 \u00e0s 12h30 e das 14:30 \u00e0s 17:00<\/p>\n<p>[\/et_pb_text][\/et_pb_column][\/et_pb_row][\/et_pb_section]<\/p>\n","protected":false},"excerpt":{"rendered":"<p>CTT Atendimento ao P\u00fablico no posto de correios da Guia: Aceita\u00e7\u00e3o e entrega de envios de correspond\u00eancia nacionais e internacionais; Venda de selos e outros valores postais; Aceita\u00e7\u00e3o\/rece\u00e7\u00e3o e entrega de registos nacionais e internacionais; Realiza\u00e7\u00e3o de Cobran\u00e7as Postais; Cobran\u00e7as Seguran\u00e7a Social; Impostos; Requisi\u00e7\u00e3o para emiss\u00e3o e pagamento de vales postais; Aceita\u00e7\u00e3o e entrega de [&hellip;]<\/p>\n","protected":false},"author":2,"featured_media":0,"parent":0,"menu_order":0,"comment_status":"closed","ping_status":"closed","template":"","meta":{"_et_pb_use_builder":"on","_et_pb_old_content":"","_et_gb_content_width":"","footnotes":""},"class_list":["post-380","page","type-page","status-publish","hentry"],"_links":{"self":[{"href":"https:\/\/www.jf-guia.pt\/index.php?rest_route=\/wp\/v2\/pages\/380","targetHints":{"allow":["GET"]}}],"collection":[{"href":"https:\/\/www.jf-guia.pt\/index.php?rest_route=\/wp\/v2\/pages"}],"about":[{"href":"https:\/\/www.jf-guia.pt\/index.php?rest_route=\/wp\/v2\/types\/page"}],"author":[{"embeddable":true,"href":"https:\/\/www.jf-guia.pt\/index.php?rest_route=\/wp\/v2\/users\/2"}],"replies":[{"embeddable":true,"href":"https:\/\/www.jf-guia.pt\/index.php?rest_route=%2Fwp%2Fv2%2Fcomments&post=380"}],"version-history":[{"count":7,"href":"https:\/\/www.jf-guia.pt\/index.php?rest_route=\/wp\/v2\/pages\/380\/revisions"}],"predecessor-version":[{"id":1973,"href":"https:\/\/www.jf-guia.pt\/index.php?rest_route=\/wp\/v2\/pages\/380\/revisions\/1973"}],"wp:attachment":[{"href":"https:\/\/www.jf-guia.pt\/index.php?rest_route=%2Fwp%2Fv2%2Fmedia&parent=380"}],"curies":[{"name":"wp","href":"https:\/\/api.w.org\/{rel}","templated":true}]}}