{"id":377,"date":"2022-05-06T14:14:04","date_gmt":"2022-05-06T14:14:04","guid":{"rendered":"https:\/\/www.jf-guia.pt\/novo\/?page_id=377"},"modified":"2025-12-18T11:55:03","modified_gmt":"2025-12-18T11:55:03","slug":"espaco-cidadao","status":"publish","type":"page","link":"https:\/\/www.jf-guia.pt\/?page_id=377","title":{"rendered":"Espa\u00e7o Cidad\u00e3o"},"content":{"rendered":"<p>[et_pb_section fb_built=&#8221;1&#8243; fullwidth=&#8221;on&#8221; _builder_version=&#8221;4.17.3&#8243; _module_preset=&#8221;default&#8221; locked=&#8221;off&#8221; global_colors_info=&#8221;{}&#8221;][et_pb_fullwidth_header _builder_version=&#8221;4.27.5&#8243; _module_preset=&#8221;default&#8221; title_font=&#8221;|700|||||||&#8221; title_text_color=&#8221;#FFFFFF&#8221; title_font_size=&#8221;40px&#8221; background_enable_color=&#8221;off&#8221; background_image=&#8221;https:\/\/www.jf-guia.pt\/novo\/wp-content\/uploads\/2025\/12\/header-6.jpg&#8221; background_position=&#8221;bottom_center&#8221; background_vertical_offset=&#8221;36%&#8221; custom_margin=&#8221;||||false|false&#8221; custom_padding=&#8221;100px||100px||false|false&#8221; hover_enabled=&#8221;0&#8243; title_text_shadow_style=&#8221;preset1&#8243; text_shadow_style=&#8221;preset3&#8243; global_colors_info=&#8221;{}&#8221; sticky_enabled=&#8221;0&#8243;][\/et_pb_fullwidth_header][\/et_pb_section][et_pb_section fb_built=&#8221;1&#8243; admin_label=&#8221;section&#8221; _builder_version=&#8221;4.16&#8243; transparent_background=&#8221;off&#8221; global_colors_info=&#8221;{}&#8221;][et_pb_row _builder_version=&#8221;4.17.3&#8243; _module_preset=&#8221;default&#8221; locked=&#8221;off&#8221; global_colors_info=&#8221;{}&#8221;][et_pb_column type=&#8221;4_4&#8243; _builder_version=&#8221;4.17.3&#8243; _module_preset=&#8221;default&#8221; global_colors_info=&#8221;{}&#8221;][et_pb_text _builder_version=&#8221;4.27.5&#8243; _module_preset=&#8221;default&#8221; global_colors_info=&#8221;{}&#8221;]<\/p>\n<h1>Espa\u00e7o Cidad\u00e3o<\/h1>\n<p>[\/et_pb_text][et_pb_text _builder_version=&#8221;4.27.4&#8243; _module_preset=&#8221;default&#8221; global_colors_info=&#8221;{}&#8221;]<\/p>\n<p style=\"text-align: justify;\">O Espa\u00e7o Cidad\u00e3o \u00e9 um local onde os cidad\u00e3os podem aceder aos servi\u00e7os digitais disponibilizados pela Administa\u00e7\u00e3o Central, no \u00e2mbito de um acordo celebrado com o Munic\u00edpio de Pombal.<\/p>\n<p style=\"text-align: justify;\">\u00c9 um ponto \u00fanico de contacto para a presta\u00e7\u00e3o de servi\u00e7os online, onde\u00a0os cidad\u00e3os ser\u00e3o atendidos por pessoas previamente formadas e qualificadas para ajudar os\u00a0cidad\u00e3os a beneficiar dos servi\u00e7os digitalizados.<\/p>\n<p>[\/et_pb_text][\/et_pb_column][\/et_pb_row][\/et_pb_section]<\/p>\n","protected":false},"excerpt":{"rendered":"<p>Espa\u00e7o Cidad\u00e3oO Espa\u00e7o Cidad\u00e3o \u00e9 um local onde os cidad\u00e3os podem aceder aos servi\u00e7os digitais disponibilizados pela Administa\u00e7\u00e3o Central, no \u00e2mbito de um acordo celebrado com o Munic\u00edpio de Pombal. \u00c9 um ponto \u00fanico de contacto para a presta\u00e7\u00e3o de servi\u00e7os online, onde\u00a0os cidad\u00e3os ser\u00e3o atendidos por pessoas previamente formadas e qualificadas para ajudar os\u00a0cidad\u00e3os [&hellip;]<\/p>\n","protected":false},"author":2,"featured_media":0,"parent":0,"menu_order":0,"comment_status":"closed","ping_status":"closed","template":"","meta":{"_et_pb_use_builder":"on","_et_pb_old_content":"","_et_gb_content_width":"","footnotes":""},"class_list":["post-377","page","type-page","status-publish","hentry"],"_links":{"self":[{"href":"https:\/\/www.jf-guia.pt\/index.php?rest_route=\/wp\/v2\/pages\/377","targetHints":{"allow":["GET"]}}],"collection":[{"href":"https:\/\/www.jf-guia.pt\/index.php?rest_route=\/wp\/v2\/pages"}],"about":[{"href":"https:\/\/www.jf-guia.pt\/index.php?rest_route=\/wp\/v2\/types\/page"}],"author":[{"embeddable":true,"href":"https:\/\/www.jf-guia.pt\/index.php?rest_route=\/wp\/v2\/users\/2"}],"replies":[{"embeddable":true,"href":"https:\/\/www.jf-guia.pt\/index.php?rest_route=%2Fwp%2Fv2%2Fcomments&post=377"}],"version-history":[{"count":10,"href":"https:\/\/www.jf-guia.pt\/index.php?rest_route=\/wp\/v2\/pages\/377\/revisions"}],"predecessor-version":[{"id":1986,"href":"https:\/\/www.jf-guia.pt\/index.php?rest_route=\/wp\/v2\/pages\/377\/revisions\/1986"}],"wp:attachment":[{"href":"https:\/\/www.jf-guia.pt\/index.php?rest_route=%2Fwp%2Fv2%2Fmedia&parent=377"}],"curies":[{"name":"wp","href":"https:\/\/api.w.org\/{rel}","templated":true}]}}