{"id":374,"date":"2022-05-06T14:13:41","date_gmt":"2022-05-06T14:13:41","guid":{"rendered":"https:\/\/www.jf-guia.pt\/novo\/?page_id=374"},"modified":"2023-07-10T09:42:02","modified_gmt":"2023-07-10T09:42:02","slug":"e-freguesias","status":"publish","type":"page","link":"https:\/\/www.jf-guia.pt\/?page_id=374","title":{"rendered":"e-freguesias"},"content":{"rendered":"<p>[et_pb_section fb_built=&#8221;1&#8243; fullwidth=&#8221;on&#8221; _builder_version=&#8221;4.17.3&#8243; _module_preset=&#8221;default&#8221; locked=&#8221;off&#8221; global_colors_info=&#8221;{}&#8221;][et_pb_fullwidth_header _builder_version=&#8221;4.17.3&#8243; _module_preset=&#8221;default&#8221; title_font=&#8221;|700|||||||&#8221; title_text_color=&#8221;#FFFFFF&#8221; title_font_size=&#8221;40px&#8221; background_enable_color=&#8221;off&#8221; background_image=&#8221;https:\/\/www.jf-guia.pt\/novo\/wp-content\/uploads\/2022\/05\/pexels-dapurmelodi-699422-min.jpg&#8221; background_position=&#8221;bottom_center&#8221; background_vertical_offset=&#8221;32%&#8221; custom_margin=&#8221;||||false|false&#8221; custom_padding=&#8221;100px||100px||false|false&#8221; title_text_shadow_style=&#8221;preset1&#8243; text_shadow_style=&#8221;preset3&#8243; global_colors_info=&#8221;{}&#8221;][\/et_pb_fullwidth_header][\/et_pb_section][et_pb_section fb_built=&#8221;1&#8243; admin_label=&#8221;section&#8221; _builder_version=&#8221;4.16&#8243; transparent_background=&#8221;off&#8221; global_colors_info=&#8221;{}&#8221;][et_pb_row _builder_version=&#8221;4.17.3&#8243; _module_preset=&#8221;default&#8221; global_colors_info=&#8221;{}&#8221; locked=&#8221;off&#8221;][et_pb_column type=&#8221;4_4&#8243; _builder_version=&#8221;4.17.3&#8243; _module_preset=&#8221;default&#8221; global_colors_info=&#8221;{}&#8221;][et_pb_text _builder_version=&#8221;4.17.3&#8243; _module_preset=&#8221;default&#8221; hover_enabled=&#8221;0&#8243; global_colors_info=&#8221;{}&#8221; sticky_enabled=&#8221;0&#8243;]<\/p>\n<h1>e-freguesias<\/h1>\n<p>[\/et_pb_text][et_pb_image src=&#8221;https:\/\/www.jf-guia.pt\/novo\/wp-content\/uploads\/2022\/05\/logo_e_freguesias-300&#215;101.png&#8221; _builder_version=&#8221;4.17.3&#8243; _module_preset=&#8221;default&#8221; hover_enabled=&#8221;0&#8243; global_colors_info=&#8221;{}&#8221; sticky_enabled=&#8221;0&#8243;][\/et_pb_image][et_pb_text _builder_version=&#8221;4.17.3&#8243; _module_preset=&#8221;default&#8221; hover_enabled=&#8221;0&#8243; sticky_enabled=&#8221;0&#8243;]<\/p>\n<p style=\"text-align: justify;\">Este portal resulta da concretiza\u00e7\u00e3o do Projeto de Moderniza\u00e7\u00e3o Administrativa das Freguesias promovido pela ANAFRE &#8211; Associa\u00e7\u00e3o Nacional de Freguesias ao qual se candidataram cerca de um milhar de freguesias associadas. O Projeto permite a conjuga\u00e7\u00e3o de imperativos de efic\u00e1cia e efici\u00eancia para com os utentes, atrav\u00e9s da cria\u00e7\u00e3o de uma nova estrutura de gest\u00e3o de processos inform\u00e1ticos e a presta\u00e7\u00e3o de servi\u00e7os no \u00e2mbito do Atendimento Digital Assistido. Desta forma ser\u00e1 poss\u00edvel \u00e0s Freguesias aumentarem a qualidade dos servi\u00e7os p\u00fablicos numa l\u00f3gica de modernidade e transpar\u00eancia, atrav\u00e9s da redu\u00e7\u00e3o de custos, simplifica\u00e7\u00e3o, desburocratiza\u00e7\u00e3o e racionaliza\u00e7\u00e3o de processos, com recurso ao uso intensivo das Tecnologias de Informa\u00e7\u00e3o e Comunica\u00e7\u00e3o (TIC).<\/p>\n<p style=\"text-align: justify;\">Mais informa\u00e7\u00f5es sobre o e-freguesias\u00a0<a href=\"https:\/\/www.efreguesias.pt\/home\">aqui<\/a>.<\/p>\n<p>[\/et_pb_text][\/et_pb_column][\/et_pb_row][\/et_pb_section]<\/p>\n","protected":false},"excerpt":{"rendered":"<p>e-freguesiasEste portal resulta da concretiza\u00e7\u00e3o do Projeto de Moderniza\u00e7\u00e3o Administrativa das Freguesias promovido pela ANAFRE &#8211; Associa\u00e7\u00e3o Nacional de Freguesias ao qual se candidataram cerca de um milhar de freguesias associadas. O Projeto permite a conjuga\u00e7\u00e3o de imperativos de efic\u00e1cia e efici\u00eancia para com os utentes, atrav\u00e9s da cria\u00e7\u00e3o de uma nova estrutura de gest\u00e3o [&hellip;]<\/p>\n","protected":false},"author":2,"featured_media":0,"parent":0,"menu_order":0,"comment_status":"closed","ping_status":"closed","template":"","meta":{"_et_pb_use_builder":"on","_et_pb_old_content":"","_et_gb_content_width":"","footnotes":""},"class_list":["post-374","page","type-page","status-publish","hentry"],"_links":{"self":[{"href":"https:\/\/www.jf-guia.pt\/index.php?rest_route=\/wp\/v2\/pages\/374","targetHints":{"allow":["GET"]}}],"collection":[{"href":"https:\/\/www.jf-guia.pt\/index.php?rest_route=\/wp\/v2\/pages"}],"about":[{"href":"https:\/\/www.jf-guia.pt\/index.php?rest_route=\/wp\/v2\/types\/page"}],"author":[{"embeddable":true,"href":"https:\/\/www.jf-guia.pt\/index.php?rest_route=\/wp\/v2\/users\/2"}],"replies":[{"embeddable":true,"href":"https:\/\/www.jf-guia.pt\/index.php?rest_route=%2Fwp%2Fv2%2Fcomments&post=374"}],"version-history":[{"count":7,"href":"https:\/\/www.jf-guia.pt\/index.php?rest_route=\/wp\/v2\/pages\/374\/revisions"}],"predecessor-version":[{"id":1311,"href":"https:\/\/www.jf-guia.pt\/index.php?rest_route=\/wp\/v2\/pages\/374\/revisions\/1311"}],"wp:attachment":[{"href":"https:\/\/www.jf-guia.pt\/index.php?rest_route=%2Fwp%2Fv2%2Fmedia&parent=374"}],"curies":[{"name":"wp","href":"https:\/\/api.w.org\/{rel}","templated":true}]}}